{"id":6396,"date":"2019-04-09T09:53:50","date_gmt":"2019-04-09T07:53:50","guid":{"rendered":"https:\/\/www.faeteda.org\/?post_type=avada_faq&#038;p=6396"},"modified":"2019-05-29T11:19:42","modified_gmt":"2019-05-29T09:19:42","slug":"modificaciones-en-la-ley-de-minimis-2000","status":"publish","type":"avada_faq","link":"https:\/\/ubicarte.faeteda.org\/en\/faq-items\/modificaciones-en-la-ley-de-minimis-2000\/","title":{"rendered":"\u00bfQu\u00e9 es la Ley de Minimis?"},"content":{"rendered":"<p>El t\u00e9rmino &#8220;de minimis&#8221; es un latinismo que proviene del principio general de Derecho &#8220;de minimis non curat lex&#8221;, que significa &#8220;la Ley no est\u00e1 interesada en asuntos menores&#8221;.<\/p>\n<p>En el \u00e1mbito de las ayudas de Estado, la aplicaci\u00f3n de este principio se traduce en que algunas medidas, que podr\u00edan entrar dentro de la incompatibilidad con el mercado com\u00fan, son toleradas por sus limitados efectos sobre la competencia entre los Estados miembros. Es decir, que no todas las ayudas tienen repercusiones apreciables sobre los intercambios comerciales y la competencia. Esto ocurre con ayudas de importe reducido, por lo que se ha establecido un umbral de minimis de car\u00e1cter gen\u00e9rico.<\/p>\n<p>La cl\u00e1usula &#8220;de minimis&#8221; afecta principalmente a las ayudas a favor de las peque\u00f1as y medianas empresas, y a las ayudas concedidas en virtud de programas gestionados por las administraciones regionales y locales.<\/p>\n<p>Los principales cambios de la Ley de minimis, tras la entrada en vigor del <a href=\"https:\/\/eur-lex.europa.eu\/legal-content\/ES\/TXT\/PDF\/?uri=OJ:C:2007:306:FULL&amp;from=EN\" target=\"_blank\" rel=\"noopener noreferrer\">Tratado de Lisboa<\/a> son los siguientes:<\/p>\n<p>&#8211; <strong>Ha cambiado el importe<\/strong>, en lugar de 100.000 \u20ac son, desde el a\u00f1o 2006, 200.000 \u20ac. Esta cuant\u00eda de no recibir ayudas en tres a\u00f1os superiores a esta cifra ha sido ratificada por el Reglamento de la Comisi\u00f3n Europea de 18 de diciembre de 2013 y estar\u00e1 vigente hasta diciembre de 2020.<\/p>\n<p>&#8211; Los 200.000 \u20ac son por empresa y los tres ejercicios han de ser consecutivos. Aunque la norma no lo dice expresamente, se desprende que ha de ser as\u00ed: <strong><em>&#8220;Durante un periodo de tres ejercicios fiscales&#8221;<\/em><\/strong>. Por ejemplo, en las subvenciones que se otorguen en 2018, la suma de 200.000 \u20ac no puede estar dentro los tres ejercicios 2016, 2017 y 2018. En 2019 ser\u00e1 2017, 2018 y 2019, y as\u00ed sucesivamente.<\/p>\n<p>&#8211; Si las convocatorias de subvenciones no superan esta cifra de 200.000 \u20ac por empresa, <strong>no han de comunicar estas ayudas a la Comisi\u00f3n Europea<\/strong>. Ahora bien, si una empresa cultural ha recibido subvenciones de otra convocatoria, las ha de sumar y advertir a la Administraci\u00f3n concedente que ya tiene recibidas otras ayudas, lo que produce el efecto de no poder recibir en conjunto ayudas que superen los 200.000 \u20ac.<\/p>\n<p>&#8211; Existe un <a href=\"http:\/\/www.infosubvenciones.es\/bdnstrans\/GE\/es\/index\" target=\"_blank\" rel=\"noopener noreferrer\">registro de subvenciones<\/a> a nivel estatal, donde constan todas las subvenciones que otorgan las Administraciones p\u00fablicas.<\/p>\n<p>Para m\u00e1s informaci\u00f3n, consultar los art\u00edculos 107, 108 y 109 del <a href=\"https:\/\/eur-lex.europa.eu\/legal-content\/ES\/TXT\/PDF\/?uri=OJ:C:2008:115:FULL&amp;from=EN\" target=\"_blank\" rel=\"noopener noreferrer\">Tratado de Funcionamiento de la Uni\u00f3n Europea<\/a>.<\/p>\n","protected":false},"excerpt":{"rendered":"<p>El t\u00e9rmino &#8220;de minimis&#8221; es un latinismo que proviene del principio general de Derecho &#8220;de minimis non curat lex&#8221;, que significa &#8220;la Ley no est\u00e1 interesada en asuntos menores&#8221;. En el \u00e1mbito de las ayudas de Estado, la  [&#8230;]<\/p>\n","protected":false},"author":5,"featured_media":0,"menu_order":0,"comment_status":"closed","ping_status":"closed","template":"","format":"standard","meta":{"footnotes":""},"faq_category":[322],"class_list":["post-6396","avada_faq","type-avada_faq","status-publish","format-standard","hentry","faq_category-asesoria-juridica"],"yoast_head":"<!-- This site is optimized with the Yoast SEO plugin v27.5 - https:\/\/yoast.com\/product\/yoast-seo-wordpress\/ -->\n<title>\u00bfQu\u00e9 es la Ley de Minimis? - Ubicarte<\/title>\n<meta name=\"robots\" content=\"index, follow, max-snippet:-1, max-image-preview:large, max-video-preview:-1\" \/>\n<link rel=\"canonical\" href=\"https:\/\/ubicarte.faeteda.org\/en\/faq-items\/modificaciones-en-la-ley-de-minimis-2000\/\" \/>\n<meta property=\"og:locale\" content=\"en_US\" \/>\n<meta property=\"og:type\" content=\"article\" \/>\n<meta property=\"og:title\" content=\"\u00bfQu\u00e9 es la Ley de Minimis? - Ubicarte\" \/>\n<meta property=\"og:description\" content=\"El t\u00e9rmino &#8220;de minimis&#8221; es un latinismo que proviene del principio general de Derecho &#8220;de minimis non curat lex&#8221;, que significa &#8220;la Ley no est\u00e1 interesada en asuntos menores&#8221;. En el \u00e1mbito de las ayudas de Estado, la [...]\" \/>\n<meta property=\"og:url\" content=\"https:\/\/ubicarte.faeteda.org\/en\/faq-items\/modificaciones-en-la-ley-de-minimis-2000\/\" \/>\n<meta property=\"og:site_name\" content=\"Ubicarte\" \/>\n<meta property=\"article:modified_time\" content=\"2019-05-29T09:19:42+00:00\" \/>\n<meta name=\"twitter:card\" content=\"summary_large_image\" \/>\n<meta name=\"twitter:label1\" content=\"Est. reading time\" \/>\n\t<meta name=\"twitter:data1\" content=\"2 minutes\" \/>\n<script type=\"application\/ld+json\" class=\"yoast-schema-graph\">{\"@context\":\"https:\\\/\\\/schema.org\",\"@graph\":[{\"@type\":\"WebPage\",\"@id\":\"https:\\\/\\\/ubicarte.faeteda.org\\\/en\\\/faq-items\\\/modificaciones-en-la-ley-de-minimis-2000\\\/\",\"url\":\"https:\\\/\\\/ubicarte.faeteda.org\\\/en\\\/faq-items\\\/modificaciones-en-la-ley-de-minimis-2000\\\/\",\"name\":\"\u00bfQu\u00e9 es la Ley de Minimis? - Ubicarte\",\"isPartOf\":{\"@id\":\"https:\\\/\\\/ubicarte.faeteda.org\\\/en\\\/#website\"},\"datePublished\":\"2019-04-09T07:53:50+00:00\",\"dateModified\":\"2019-05-29T09:19:42+00:00\",\"breadcrumb\":{\"@id\":\"https:\\\/\\\/ubicarte.faeteda.org\\\/en\\\/faq-items\\\/modificaciones-en-la-ley-de-minimis-2000\\\/#breadcrumb\"},\"inLanguage\":\"en-US\",\"potentialAction\":[{\"@type\":\"ReadAction\",\"target\":[\"https:\\\/\\\/ubicarte.faeteda.org\\\/en\\\/faq-items\\\/modificaciones-en-la-ley-de-minimis-2000\\\/\"]}]},{\"@type\":\"BreadcrumbList\",\"@id\":\"https:\\\/\\\/ubicarte.faeteda.org\\\/en\\\/faq-items\\\/modificaciones-en-la-ley-de-minimis-2000\\\/#breadcrumb\",\"itemListElement\":[{\"@type\":\"ListItem\",\"position\":1,\"name\":\"Portada\",\"item\":\"https:\\\/\\\/ubicarte.faeteda.org\\\/en\\\/\"},{\"@type\":\"ListItem\",\"position\":2,\"name\":\"FAQs\",\"item\":\"https:\\\/\\\/ubicarte.faeteda.org\\\/en\\\/faq-items\\\/\"},{\"@type\":\"ListItem\",\"position\":3,\"name\":\"\u00bfQu\u00e9 es la Ley de Minimis?\"}]},{\"@type\":\"WebSite\",\"@id\":\"https:\\\/\\\/ubicarte.faeteda.org\\\/en\\\/#website\",\"url\":\"https:\\\/\\\/ubicarte.faeteda.org\\\/en\\\/\",\"name\":\"Ubicarte Faeteda\",\"description\":\"Mapa interactivo de las artes esc\u00e9nicas y de la m\u00fasica en Espa\u00f1a\",\"publisher\":{\"@id\":\"https:\\\/\\\/ubicarte.faeteda.org\\\/en\\\/#organization\"},\"potentialAction\":[{\"@type\":\"SearchAction\",\"target\":{\"@type\":\"EntryPoint\",\"urlTemplate\":\"https:\\\/\\\/ubicarte.faeteda.org\\\/en\\\/?s={search_term_string}\"},\"query-input\":{\"@type\":\"PropertyValueSpecification\",\"valueRequired\":true,\"valueName\":\"search_term_string\"}}],\"inLanguage\":\"en-US\"},{\"@type\":\"Organization\",\"@id\":\"https:\\\/\\\/ubicarte.faeteda.org\\\/en\\\/#organization\",\"name\":\"Ubicarte Faeteda\",\"url\":\"https:\\\/\\\/ubicarte.faeteda.org\\\/en\\\/\",\"logo\":{\"@type\":\"ImageObject\",\"inLanguage\":\"en-US\",\"@id\":\"https:\\\/\\\/ubicarte.faeteda.org\\\/en\\\/#\\\/schema\\\/logo\\\/image\\\/\",\"url\":\"https:\\\/\\\/ubicarte.faeteda.org\\\/wp-content\\\/uploads\\\/2021\\\/06\\\/Ubicarte.jpg\",\"contentUrl\":\"https:\\\/\\\/ubicarte.faeteda.org\\\/wp-content\\\/uploads\\\/2021\\\/06\\\/Ubicarte.jpg\",\"width\":372,\"height\":52,\"caption\":\"Ubicarte Faeteda\"},\"image\":{\"@id\":\"https:\\\/\\\/ubicarte.faeteda.org\\\/en\\\/#\\\/schema\\\/logo\\\/image\\\/\"}}]}<\/script>\n<!-- \/ Yoast SEO plugin. -->","yoast_head_json":{"title":"\u00bfQu\u00e9 es la Ley de Minimis? - Ubicarte","robots":{"index":"index","follow":"follow","max-snippet":"max-snippet:-1","max-image-preview":"max-image-preview:large","max-video-preview":"max-video-preview:-1"},"canonical":"https:\/\/ubicarte.faeteda.org\/en\/faq-items\/modificaciones-en-la-ley-de-minimis-2000\/","og_locale":"en_US","og_type":"article","og_title":"\u00bfQu\u00e9 es la Ley de Minimis? - Ubicarte","og_description":"El t\u00e9rmino &#8220;de minimis&#8221; es un latinismo que proviene del principio general de Derecho &#8220;de minimis non curat lex&#8221;, que significa &#8220;la Ley no est\u00e1 interesada en asuntos menores&#8221;. En el \u00e1mbito de las ayudas de Estado, la [...]","og_url":"https:\/\/ubicarte.faeteda.org\/en\/faq-items\/modificaciones-en-la-ley-de-minimis-2000\/","og_site_name":"Ubicarte","article_modified_time":"2019-05-29T09:19:42+00:00","twitter_card":"summary_large_image","twitter_misc":{"Est. reading time":"2 minutes"},"schema":{"@context":"https:\/\/schema.org","@graph":[{"@type":"WebPage","@id":"https:\/\/ubicarte.faeteda.org\/en\/faq-items\/modificaciones-en-la-ley-de-minimis-2000\/","url":"https:\/\/ubicarte.faeteda.org\/en\/faq-items\/modificaciones-en-la-ley-de-minimis-2000\/","name":"\u00bfQu\u00e9 es la Ley de Minimis? - Ubicarte","isPartOf":{"@id":"https:\/\/ubicarte.faeteda.org\/en\/#website"},"datePublished":"2019-04-09T07:53:50+00:00","dateModified":"2019-05-29T09:19:42+00:00","breadcrumb":{"@id":"https:\/\/ubicarte.faeteda.org\/en\/faq-items\/modificaciones-en-la-ley-de-minimis-2000\/#breadcrumb"},"inLanguage":"en-US","potentialAction":[{"@type":"ReadAction","target":["https:\/\/ubicarte.faeteda.org\/en\/faq-items\/modificaciones-en-la-ley-de-minimis-2000\/"]}]},{"@type":"BreadcrumbList","@id":"https:\/\/ubicarte.faeteda.org\/en\/faq-items\/modificaciones-en-la-ley-de-minimis-2000\/#breadcrumb","itemListElement":[{"@type":"ListItem","position":1,"name":"Portada","item":"https:\/\/ubicarte.faeteda.org\/en\/"},{"@type":"ListItem","position":2,"name":"FAQs","item":"https:\/\/ubicarte.faeteda.org\/en\/faq-items\/"},{"@type":"ListItem","position":3,"name":"\u00bfQu\u00e9 es la Ley de Minimis?"}]},{"@type":"WebSite","@id":"https:\/\/ubicarte.faeteda.org\/en\/#website","url":"https:\/\/ubicarte.faeteda.org\/en\/","name":"Ubicarte Faeteda","description":"Mapa interactivo de las artes esc\u00e9nicas y de la m\u00fasica en Espa\u00f1a","publisher":{"@id":"https:\/\/ubicarte.faeteda.org\/en\/#organization"},"potentialAction":[{"@type":"SearchAction","target":{"@type":"EntryPoint","urlTemplate":"https:\/\/ubicarte.faeteda.org\/en\/?s={search_term_string}"},"query-input":{"@type":"PropertyValueSpecification","valueRequired":true,"valueName":"search_term_string"}}],"inLanguage":"en-US"},{"@type":"Organization","@id":"https:\/\/ubicarte.faeteda.org\/en\/#organization","name":"Ubicarte Faeteda","url":"https:\/\/ubicarte.faeteda.org\/en\/","logo":{"@type":"ImageObject","inLanguage":"en-US","@id":"https:\/\/ubicarte.faeteda.org\/en\/#\/schema\/logo\/image\/","url":"https:\/\/ubicarte.faeteda.org\/wp-content\/uploads\/2021\/06\/Ubicarte.jpg","contentUrl":"https:\/\/ubicarte.faeteda.org\/wp-content\/uploads\/2021\/06\/Ubicarte.jpg","width":372,"height":52,"caption":"Ubicarte Faeteda"},"image":{"@id":"https:\/\/ubicarte.faeteda.org\/en\/#\/schema\/logo\/image\/"}}]}},"_links":{"self":[{"href":"https:\/\/ubicarte.faeteda.org\/en\/wp-json\/wp\/v2\/avada_faq\/6396","targetHints":{"allow":["GET"]}}],"collection":[{"href":"https:\/\/ubicarte.faeteda.org\/en\/wp-json\/wp\/v2\/avada_faq"}],"about":[{"href":"https:\/\/ubicarte.faeteda.org\/en\/wp-json\/wp\/v2\/types\/avada_faq"}],"author":[{"embeddable":true,"href":"https:\/\/ubicarte.faeteda.org\/en\/wp-json\/wp\/v2\/users\/5"}],"replies":[{"embeddable":true,"href":"https:\/\/ubicarte.faeteda.org\/en\/wp-json\/wp\/v2\/comments?post=6396"}],"version-history":[{"count":0,"href":"https:\/\/ubicarte.faeteda.org\/en\/wp-json\/wp\/v2\/avada_faq\/6396\/revisions"}],"wp:attachment":[{"href":"https:\/\/ubicarte.faeteda.org\/en\/wp-json\/wp\/v2\/media?parent=6396"}],"wp:term":[{"taxonomy":"faq_category","embeddable":true,"href":"https:\/\/ubicarte.faeteda.org\/en\/wp-json\/wp\/v2\/faq_category?post=6396"}],"curies":[{"name":"wp","href":"https:\/\/api.w.org\/{rel}","templated":true}]}}

¿Qué es la Ley de Minimis?

<p>El término &#8220;de minimis&#8221; es un latinismo que proviene del principio general de Derecho &#8220;de minimis non curat lex&#8221;, que significa &#8220;la Ley no está interesada en asuntos menores&#8221;.</p>
<p>En el ámbito de las ayudas de Estado, la aplicación de este principio se traduce en que algunas medidas, que podrían entrar dentro de la incompatibilidad con el mercado común, son toleradas por sus limitados efectos sobre la competencia entre los Estados miembros. Es decir, que no todas las ayudas tienen repercusiones apreciables sobre los intercambios comerciales y la competencia. Esto ocurre con ayudas de importe reducido, por lo que se ha establecido un umbral de minimis de carácter genérico.</p>
<p>La cláusula &#8220;de minimis&#8221; afecta principalmente a las ayudas a favor de las pequeñas y medianas empresas, y a las ayudas concedidas en virtud de programas gestionados por las administraciones regionales y locales.</p>
<p>Los principales cambios de la Ley de minimis, tras la entrada en vigor del <a href="https://eur-lex.europa.eu/legal-content/ES/TXT/PDF/?uri=OJ:C:2007:306:FULL&amp;from=EN" target="_blank" rel="noopener noreferrer">Tratado de Lisboa</a> son los siguientes:</p>
<p>&#8211; <strong>Ha cambiado el importe</strong>, en lugar de 100.000 € son, desde el año 2006, 200.000 €. Esta cuantía de no recibir ayudas en tres años superiores a esta cifra ha sido ratificada por el Reglamento de la Comisión Europea de 18 de diciembre de 2013 y estará vigente hasta diciembre de 2020.</p>
<p>&#8211; Los 200.000 € son por empresa y los tres ejercicios han de ser consecutivos. Aunque la norma no lo dice expresamente, se desprende que ha de ser así: <strong><em>&#8220;Durante un periodo de tres ejercicios fiscales&#8221;</em></strong>. Por ejemplo, en las subvenciones que se otorguen en 2018, la suma de 200.000 € no puede estar dentro los tres ejercicios 2016, 2017 y 2018. En 2019 será 2017, 2018 y 2019, y así sucesivamente.</p>
<p>&#8211; Si las convocatorias de subvenciones no superan esta cifra de 200.000 € por empresa, <strong>no han de comunicar estas ayudas a la Comisión Europea</strong>. Ahora bien, si una empresa cultural ha recibido subvenciones de otra convocatoria, las ha de sumar y advertir a la Administración concedente que ya tiene recibidas otras ayudas, lo que produce el efecto de no poder recibir en conjunto ayudas que superen los 200.000 €.</p>
<p>&#8211; Existe un <a href="http://www.infosubvenciones.es/bdnstrans/GE/es/index" target="_blank" rel="noopener noreferrer">registro de subvenciones</a> a nivel estatal, donde constan todas las subvenciones que otorgan las Administraciones públicas.</p>
<p>Para más información, consultar los artículos 107, 108 y 109 del <a href="https://eur-lex.europa.eu/legal-content/ES/TXT/PDF/?uri=OJ:C:2008:115:FULL&amp;from=EN" target="_blank" rel="noopener noreferrer">Tratado de Funcionamiento de la Unión Europea</a>.</p>

<p>El término &#8220;de minimis&#8221; es un latinismo que proviene del principio general de Derecho &#8220;de minimis non curat lex&#8221;, que significa &#8220;la Ley no está interesada en asuntos menores&#8221;. En el ámbito de las ayudas de Estado, la  [&#8230;]</p>

<!-- This site is optimized with the Yoast SEO plugin v27.5 - https://yoast.com/product/yoast-seo-wordpress/ -->
<title>¿Qué es la Ley de Minimis? - Ubicarte</title>
<meta name="robots" content="index, follow, max-snippet:-1, max-image-preview:large, max-video-preview:-1" />
<link rel="canonical" href="https://ubicarte.faeteda.org/en/faq-items/modificaciones-en-la-ley-de-minimis-2000/" />
<meta property="og:locale" content="en_US" />
<meta property="og:type" content="article" />
<meta property="og:title" content="¿Qué es la Ley de Minimis? - Ubicarte" />
<meta property="og:description" content="El término &#8220;de minimis&#8221; es un latinismo que proviene del principio general de Derecho &#8220;de minimis non curat lex&#8221;, que significa &#8220;la Ley no está interesada en asuntos menores&#8221;. En el ámbito de las ayudas de Estado, la [...]" />
<meta property="og:url" content="https://ubicarte.faeteda.org/en/faq-items/modificaciones-en-la-ley-de-minimis-2000/" />
<meta property="og:site_name" content="Ubicarte" />
<meta property="article:modified_time" content="2019-05-29T09:19:42+00:00" />
<meta name="twitter:card" content="summary_large_image" />
<meta name="twitter:label1" content="Est. reading time" />
	<meta name="twitter:data1" content="2 minutes" />
<script type="application/ld+json" class="yoast-schema-graph">{"@context":"https:\/\/schema.org","@graph":[{"@type":"WebPage","@id":"https:\/\/ubicarte.faeteda.org\/en\/faq-items\/modificaciones-en-la-ley-de-minimis-2000\/","url":"https:\/\/ubicarte.faeteda.org\/en\/faq-items\/modificaciones-en-la-ley-de-minimis-2000\/","name":"¿Qué es la Ley de Minimis? - Ubicarte","isPartOf":{"@id":"https:\/\/ubicarte.faeteda.org\/en\/#website"},"datePublished":"2019-04-09T07:53:50+00:00","dateModified":"2019-05-29T09:19:42+00:00","breadcrumb":{"@id":"https:\/\/ubicarte.faeteda.org\/en\/faq-items\/modificaciones-en-la-ley-de-minimis-2000\/#breadcrumb"},"inLanguage":"en-US","potentialAction":[{"@type":"ReadAction","target":["https:\/\/ubicarte.faeteda.org\/en\/faq-items\/modificaciones-en-la-ley-de-minimis-2000\/"]}]},{"@type":"BreadcrumbList","@id":"https:\/\/ubicarte.faeteda.org\/en\/faq-items\/modificaciones-en-la-ley-de-minimis-2000\/#breadcrumb","itemListElement":[{"@type":"ListItem","position":1,"name":"Portada","item":"https:\/\/ubicarte.faeteda.org\/en\/"},{"@type":"ListItem","position":2,"name":"FAQs","item":"https:\/\/ubicarte.faeteda.org\/en\/faq-items\/"},{"@type":"ListItem","position":3,"name":"¿Qué es la Ley de Minimis?"}]},{"@type":"WebSite","@id":"https:\/\/ubicarte.faeteda.org\/en\/#website","url":"https:\/\/ubicarte.faeteda.org\/en\/","name":"Ubicarte Faeteda","description":"Mapa interactivo de las artes escénicas y de la música en España","publisher":{"@id":"https:\/\/ubicarte.faeteda.org\/en\/#organization"},"potentialAction":[{"@type":"SearchAction","target":{"@type":"EntryPoint","urlTemplate":"https:\/\/ubicarte.faeteda.org\/en\/?s={search_term_string}"},"query-input":{"@type":"PropertyValueSpecification","valueRequired":true,"valueName":"search_term_string"}}],"inLanguage":"en-US"},{"@type":"Organization","@id":"https:\/\/ubicarte.faeteda.org\/en\/#organization","name":"Ubicarte Faeteda","url":"https:\/\/ubicarte.faeteda.org\/en\/","logo":{"@type":"ImageObject","inLanguage":"en-US","@id":"https:\/\/ubicarte.faeteda.org\/en\/#\/schema\/logo\/image\/","url":"https:\/\/ubicarte.faeteda.org\/wp-content\/uploads\/2021\/06\/Ubicarte.jpg","contentUrl":"https:\/\/ubicarte.faeteda.org\/wp-content\/uploads\/2021\/06\/Ubicarte.jpg","width":372,"height":52,"caption":"Ubicarte Faeteda"},"image":{"@id":"https:\/\/ubicarte.faeteda.org\/en\/#\/schema\/logo\/image\/"}}]}</script>
<!-- / Yoast SEO plugin. -->

¿Qué es la Ley de Minimis? - Ubicarte

El término &#8220;de minimis&#8221; es un latinismo que proviene del principio general de Derecho &#8220;de minimis non curat lex&#8221;, que significa &#8220;la Ley no está interesada en asuntos menores&#8221;. En el ámbito de las ayudas de Estado, la [...]

Mapa interactivo de las artes escénicas y de la música en España
